{"id":686,"date":"2019-02-14T13:58:22","date_gmt":"2019-02-14T13:58:22","guid":{"rendered":"https:\/\/livewp.site\/wp\/md\/agrosector\/?page_id=686"},"modified":"2021-07-22T15:43:42","modified_gmt":"2021-07-22T15:43:42","slug":"servicios","status":"publish","type":"page","link":"https:\/\/old.lahuertachile.cl\/index.php\/servicios\/","title":{"rendered":"Servicios"},"content":{"rendered":"\t\t<div data-elementor-type=\"wp-post\" data-elementor-id=\"686\" class=\"elementor elementor-686\" data-elementor-settings=\"[]\">\n\t\t\t\t\t\t\t<div class=\"elementor-section-wrap\">\n\t\t\t\t\t\t\t<section class=\"elementor-section elementor-top-section elementor-element elementor-element-2cb5cb9 elementor-section-boxed elementor-section-height-default elementor-section-height-default\" data-id=\"2cb5cb9\" data-element_type=\"section\" data-settings=\"{&quot;background_background&quot;:&quot;classic&quot;}\">\n\t\t\t\t\t\t<div class=\"elementor-container elementor-column-gap-default\">\n\t\t\t\t\t<div class=\"elementor-column elementor-col-100 elementor-top-column elementor-element elementor-element-07a5126\" data-id=\"07a5126\" data-element_type=\"column\">\n\t\t\t<div class=\"elementor-widget-wrap elementor-element-populated\">\n\t\t\t\t\t\t\t\t<section class=\"elementor-section elementor-inner-section elementor-element elementor-element-8c23ab4 elementor-section-boxed elementor-section-height-default elementor-section-height-default\" data-id=\"8c23ab4\" data-element_type=\"section\">\n\t\t\t\t\t\t<div class=\"elementor-container elementor-column-gap-default\">\n\t\t\t\t\t<div class=\"elementor-column elementor-col-100 elementor-inner-column elementor-element elementor-element-05ed991\" data-id=\"05ed991\" data-element_type=\"column\">\n\t\t\t<div class=\"elementor-widget-wrap elementor-element-populated\">\n\t\t\t\t\t\t\t\t<div class=\"elementor-element elementor-element-aa426a4 elementor-widget elementor-widget-spacer\" data-id=\"aa426a4\" data-element_type=\"widget\" data-widget_type=\"spacer.default\">\n\t\t\t\t<div class=\"elementor-widget-container\">\n\t\t\t\t\t<div class=\"elementor-spacer\">\n\t\t\t<div class=\"elementor-spacer-inner\"><\/div>\n\t\t<\/div>\n\t\t\t\t<\/div>\n\t\t\t\t<\/div>\n\t\t\t\t<div class=\"elementor-element-custom_font_size elementor-element-custom_font_size_mobile elementor-element-custom_line_height elementor-element-custom_color elementor-element elementor-element-1cdb396 elementor-widget elementor-widget-text-editor\" data-id=\"1cdb396\" data-element_type=\"widget\" data-widget_type=\"text-editor.default\">\n\t\t\t\t<div class=\"elementor-widget-container\">\n\t\t\t\t\t\t\t<h2 style=\"text-align: center;\">\u00bfQu\u00e9 ofrecemos?<\/h2>\t\t\t\t\t\t<\/div>\n\t\t\t\t<\/div>\n\t\t\t\t<div class=\"elementor-element elementor-element-ccd1442 elementor-widget elementor-widget-spacer\" data-id=\"ccd1442\" data-element_type=\"widget\" data-widget_type=\"spacer.default\">\n\t\t\t\t<div class=\"elementor-widget-container\">\n\t\t\t\t\t<div class=\"elementor-spacer\">\n\t\t\t<div class=\"elementor-spacer-inner\"><\/div>\n\t\t<\/div>\n\t\t\t\t<\/div>\n\t\t\t\t<\/div>\n\t\t\t\t\t<\/div>\n\t\t<\/div>\n\t\t\t\t\t\t\t<\/div>\n\t\t<\/section>\n\t\t\t\t<section class=\"elementor-section elementor-inner-section elementor-element elementor-element-94056d3 elementor-section-boxed elementor-section-height-default elementor-section-height-default\" data-id=\"94056d3\" data-element_type=\"section\">\n\t\t\t\t\t\t<div class=\"elementor-container elementor-column-gap-default\">\n\t\t\t\t\t<div class=\"elementor-column elementor-col-50 elementor-inner-column elementor-element elementor-element-6651253\" data-id=\"6651253\" data-element_type=\"column\">\n\t\t\t<div class=\"elementor-widget-wrap elementor-element-populated\">\n\t\t\t\t\t\t\t\t<div class=\"elementor-element elementor-element-7415a66 elementor-position-top elementor-vertical-align-top elementor-widget elementor-widget-image-box\" data-id=\"7415a66\" data-element_type=\"widget\" data-widget_type=\"image-box.default\">\n\t\t\t\t<div class=\"elementor-widget-container\">\n\t\t\t<div class=\"elementor-image-box-wrapper\"><figure class=\"elementor-image-box-img\"><a href=\"#\"><img loading=\"lazy\" decoding=\"async\" width=\"370\" height=\"251\" src=\"https:\/\/old.lahuertachile.cl\/wp-content\/uploads\/2019\/02\/agriculture-basil-bunch.jpg\" class=\"attachment-full size-full\" alt=\"\" title=\"agriculture-basil-bunch\" \/><\/a><\/figure><div class=\"elementor-image-box-content\"><h4 class=\"elementor-image-box-title\"><a href=\"#\">Riego Tecnificado<\/a><\/h4><\/div><\/div>\t\t<\/div>\n\t\t\t\t<\/div>\n\t\t\t\t\t<\/div>\n\t\t<\/div>\n\t\t\t\t<div class=\"elementor-column elementor-col-50 elementor-inner-column elementor-element elementor-element-84025d2\" data-id=\"84025d2\" data-element_type=\"column\">\n\t\t\t<div class=\"elementor-widget-wrap elementor-element-populated\">\n\t\t\t\t\t\t\t\t<div class=\"elementor-element elementor-element-31dc5d8 elementor-position-top elementor-vertical-align-top elementor-widget elementor-widget-image-box\" data-id=\"31dc5d8\" data-element_type=\"widget\" data-widget_type=\"image-box.default\">\n\t\t\t\t<div class=\"elementor-widget-container\">\n\t\t\t<div class=\"elementor-image-box-wrapper\"><figure class=\"elementor-image-box-img\"><a href=\"#\"><img loading=\"lazy\" decoding=\"async\" width=\"369\" height=\"251\" src=\"https:\/\/old.lahuertachile.cl\/wp-content\/uploads\/2019\/02\/aerial-shot-aerial-view-agriculture.jpg\" class=\"attachment-full size-full\" alt=\"\" title=\"aerial-shot-aerial-view-agriculture\" \/><\/a><\/figure><div class=\"elementor-image-box-content\"><h4 class=\"elementor-image-box-title\"><a href=\"#\">Agrotextiles<\/a><\/h4><\/div><\/div>\t\t<\/div>\n\t\t\t\t<\/div>\n\t\t\t\t\t<\/div>\n\t\t<\/div>\n\t\t\t\t\t\t\t<\/div>\n\t\t<\/section>\n\t\t\t\t<section class=\"elementor-section elementor-inner-section elementor-element elementor-element-d77a902 elementor-section-boxed elementor-section-height-default elementor-section-height-default\" data-id=\"d77a902\" data-element_type=\"section\">\n\t\t\t\t\t\t<div class=\"elementor-container elementor-column-gap-default\">\n\t\t\t\t\t<div class=\"elementor-column elementor-col-100 elementor-inner-column elementor-element elementor-element-9c3b63c\" data-id=\"9c3b63c\" data-element_type=\"column\">\n\t\t\t<div class=\"elementor-widget-wrap elementor-element-populated\">\n\t\t\t\t\t\t\t\t<div class=\"elementor-element elementor-element-e0b95b5 elementor-widget elementor-widget-spacer\" data-id=\"e0b95b5\" data-element_type=\"widget\" data-widget_type=\"spacer.default\">\n\t\t\t\t<div class=\"elementor-widget-container\">\n\t\t\t\t\t<div class=\"elementor-spacer\">\n\t\t\t<div class=\"elementor-spacer-inner\"><\/div>\n\t\t<\/div>\n\t\t\t\t<\/div>\n\t\t\t\t<\/div>\n\t\t\t\t\t<\/div>\n\t\t<\/div>\n\t\t\t\t\t\t\t<\/div>\n\t\t<\/section>\n\t\t\t\t\t<\/div>\n\t\t<\/div>\n\t\t\t\t\t\t\t<\/div>\n\t\t<\/section>\n\t\t\t\t<section class=\"elementor-section elementor-top-section elementor-element elementor-element-a82e744 elementor-section-boxed elementor-section-height-default elementor-section-height-default\" data-id=\"a82e744\" data-element_type=\"section\">\n\t\t\t\t\t\t<div class=\"elementor-container elementor-column-gap-default\">\n\t\t\t\t\t<div class=\"elementor-column elementor-col-100 elementor-top-column elementor-element elementor-element-28ca539\" data-id=\"28ca539\" data-element_type=\"column\">\n\t\t\t<div class=\"elementor-widget-wrap elementor-element-populated\">\n\t\t\t\t\t\t\t\t<section class=\"elementor-section elementor-inner-section elementor-element elementor-element-8388100 elementor-section-boxed elementor-section-height-default elementor-section-height-default\" data-id=\"8388100\" data-element_type=\"section\">\n\t\t\t\t\t\t<div class=\"elementor-container elementor-column-gap-default\">\n\t\t\t\t\t<div class=\"elementor-column elementor-col-100 elementor-inner-column elementor-element elementor-element-1b6abb6\" data-id=\"1b6abb6\" data-element_type=\"column\">\n\t\t\t<div class=\"elementor-widget-wrap elementor-element-populated\">\n\t\t\t\t\t\t\t\t<div class=\"elementor-element elementor-element-ea73eee elementor-widget elementor-widget-spacer\" data-id=\"ea73eee\" data-element_type=\"widget\" data-widget_type=\"spacer.default\">\n\t\t\t\t<div class=\"elementor-widget-container\">\n\t\t\t\t\t<div class=\"elementor-spacer\">\n\t\t\t<div class=\"elementor-spacer-inner\"><\/div>\n\t\t<\/div>\n\t\t\t\t<\/div>\n\t\t\t\t<\/div>\n\t\t\t\t<div class=\"elementor-element-custom_font_size elementor-element-custom_font_size_mobile elementor-element-custom_line_height elementor-element-custom_color elementor-element elementor-element-ad3638b elementor-widget elementor-widget-text-editor\" data-id=\"ad3638b\" data-element_type=\"widget\" data-widget_type=\"text-editor.default\">\n\t\t\t\t<div class=\"elementor-widget-container\">\n\t\t\t\t\t\t\t<h2 style=\"text-align: center;\">\u00bfPor qu\u00e9 elegirnos?<\/h2>\t\t\t\t\t\t<\/div>\n\t\t\t\t<\/div>\n\t\t\t\t<div class=\"elementor-element elementor-element-805cdb8 elementor-widget elementor-widget-text-editor\" data-id=\"805cdb8\" data-element_type=\"widget\" data-widget_type=\"text-editor.default\">\n\t\t\t\t<div class=\"elementor-widget-container\">\n\t\t\t\t\t\t\t<p style=\"text-align: center;\">Nuestras principales virtudes<\/p>\t\t\t\t\t\t<\/div>\n\t\t\t\t<\/div>\n\t\t\t\t\t<\/div>\n\t\t<\/div>\n\t\t\t\t\t\t\t<\/div>\n\t\t<\/section>\n\t\t\t\t<section class=\"elementor-section elementor-inner-section elementor-element elementor-element-c457b8c elementor-section-boxed elementor-section-height-default elementor-section-height-default\" data-id=\"c457b8c\" data-element_type=\"section\">\n\t\t\t\t\t\t<div class=\"elementor-container elementor-column-gap-default\">\n\t\t\t\t\t<div class=\"elementor-column elementor-col-33 elementor-inner-column elementor-element elementor-element-fead3c0\" data-id=\"fead3c0\" data-element_type=\"column\">\n\t\t\t<div class=\"elementor-widget-wrap elementor-element-populated\">\n\t\t\t\t\t\t\t\t<div class=\"elementor-element elementor-element-bca58fe elementor-widget elementor-widget-spacer\" data-id=\"bca58fe\" data-element_type=\"widget\" data-widget_type=\"spacer.default\">\n\t\t\t\t<div class=\"elementor-widget-container\">\n\t\t\t\t\t<div class=\"elementor-spacer\">\n\t\t\t<div class=\"elementor-spacer-inner\"><\/div>\n\t\t<\/div>\n\t\t\t\t<\/div>\n\t\t\t\t<\/div>\n\t\t\t\t<div class=\"elementor-element elementor-element-c650013 elementor-position-top elementor-vertical-align-top elementor-widget elementor-widget-image-box\" data-id=\"c650013\" data-element_type=\"widget\" data-widget_type=\"image-box.default\">\n\t\t\t\t<div class=\"elementor-widget-container\">\n\t\t\t<div class=\"elementor-image-box-wrapper\"><figure class=\"elementor-image-box-img\"><a href=\"#\"><img loading=\"lazy\" decoding=\"async\" width=\"84\" height=\"94\" src=\"https:\/\/old.lahuertachile.cl\/wp-content\/uploads\/2019\/01\/icon_01.png\" class=\"attachment-full size-full\" alt=\"\" title=\"icon_01\" \/><\/a><\/figure><div class=\"elementor-image-box-content\"><h4 class=\"elementor-image-box-title\"><a href=\"#\">Servicio de Excelencia<\/a><\/h4><p class=\"elementor-image-box-description\">Cercan\u00eda con nuestros clientes y colaboradores, siendo capaces de otorgar un servicio pr\u00f3ximo y sin barreras.<\/p><\/div><\/div>\t\t<\/div>\n\t\t\t\t<\/div>\n\t\t\t\t<div class=\"elementor-element elementor-element-302ace5 elementor-widget elementor-widget-spacer\" data-id=\"302ace5\" data-element_type=\"widget\" data-widget_type=\"spacer.default\">\n\t\t\t\t<div class=\"elementor-widget-container\">\n\t\t\t\t\t<div class=\"elementor-spacer\">\n\t\t\t<div class=\"elementor-spacer-inner\"><\/div>\n\t\t<\/div>\n\t\t\t\t<\/div>\n\t\t\t\t<\/div>\n\t\t\t\t<div class=\"elementor-element elementor-element-9d30fa7 elementor-position-top elementor-vertical-align-top elementor-widget elementor-widget-image-box\" data-id=\"9d30fa7\" data-element_type=\"widget\" data-widget_type=\"image-box.default\">\n\t\t\t\t<div class=\"elementor-widget-container\">\n\t\t\t<div class=\"elementor-image-box-wrapper\"><figure class=\"elementor-image-box-img\"><a href=\"#\"><img loading=\"lazy\" decoding=\"async\" width=\"84\" height=\"84\" src=\"https:\/\/old.lahuertachile.cl\/wp-content\/uploads\/2019\/01\/icon_02.png\" class=\"attachment-full size-full\" alt=\"\" title=\"icon_02\" \/><\/a><\/figure><div class=\"elementor-image-box-content\"><h4 class=\"elementor-image-box-title\"><a href=\"#\">Calidad de Servicio<\/a><\/h4><p class=\"elementor-image-box-description\">Respeto activo con nuestros clientes, colaboradores, proveedores, accionistas y la comunidad.<\/p><\/div><\/div>\t\t<\/div>\n\t\t\t\t<\/div>\n\t\t\t\t\t<\/div>\n\t\t<\/div>\n\t\t\t\t<div class=\"elementor-column elementor-col-33 elementor-inner-column elementor-element elementor-element-a467e73\" data-id=\"a467e73\" data-element_type=\"column\">\n\t\t\t<div class=\"elementor-widget-wrap elementor-element-populated\">\n\t\t\t\t\t\t\t\t<div class=\"elementor-element elementor-element-a43da8e elementor-widget elementor-widget-spacer\" data-id=\"a43da8e\" data-element_type=\"widget\" data-widget_type=\"spacer.default\">\n\t\t\t\t<div class=\"elementor-widget-container\">\n\t\t\t\t\t<div class=\"elementor-spacer\">\n\t\t\t<div class=\"elementor-spacer-inner\"><\/div>\n\t\t<\/div>\n\t\t\t\t<\/div>\n\t\t\t\t<\/div>\n\t\t\t\t<div class=\"elementor-element elementor-element-a569989 elementor-widget elementor-widget-image\" data-id=\"a569989\" data-element_type=\"widget\" data-widget_type=\"image.default\">\n\t\t\t\t<div class=\"elementor-widget-container\">\n\t\t\t\t\t\t\t\t\t\t\t\t\t\t\t<img loading=\"lazy\" decoding=\"async\" width=\"2000\" height=\"1374\" src=\"https:\/\/old.lahuertachile.cl\/wp-content\/uploads\/2021\/07\/slider1-foto.jpg\" class=\"attachment-full size-full\" alt=\"\" title=\"slider1-foto\" \/>\t\t\t\t\t\t\t\t\t\t\t\t\t\t\t<\/div>\n\t\t\t\t<\/div>\n\t\t\t\t\t<\/div>\n\t\t<\/div>\n\t\t\t\t<div class=\"elementor-column elementor-col-33 elementor-inner-column elementor-element elementor-element-5aed2f1\" data-id=\"5aed2f1\" data-element_type=\"column\">\n\t\t\t<div class=\"elementor-widget-wrap elementor-element-populated\">\n\t\t\t\t\t\t\t\t<div class=\"elementor-element elementor-element-75348f8 elementor-widget elementor-widget-spacer\" data-id=\"75348f8\" data-element_type=\"widget\" data-widget_type=\"spacer.default\">\n\t\t\t\t<div class=\"elementor-widget-container\">\n\t\t\t\t\t<div class=\"elementor-spacer\">\n\t\t\t<div class=\"elementor-spacer-inner\"><\/div>\n\t\t<\/div>\n\t\t\t\t<\/div>\n\t\t\t\t<\/div>\n\t\t\t\t<div class=\"elementor-element elementor-element-9a72293 elementor-position-top elementor-vertical-align-top elementor-widget elementor-widget-image-box\" data-id=\"9a72293\" data-element_type=\"widget\" data-widget_type=\"image-box.default\">\n\t\t\t\t<div class=\"elementor-widget-container\">\n\t\t\t<div class=\"elementor-image-box-wrapper\"><figure class=\"elementor-image-box-img\"><a href=\"#\"><img loading=\"lazy\" decoding=\"async\" width=\"84\" height=\"84\" src=\"https:\/\/old.lahuertachile.cl\/wp-content\/uploads\/2019\/01\/icon_03.png\" class=\"attachment-full size-full\" alt=\"\" title=\"icon_03\" \/><\/a><\/figure><div class=\"elementor-image-box-content\"><h4 class=\"elementor-image-box-title\"><a href=\"#\">Trabajo Dedicado<\/a><\/h4><p class=\"elementor-image-box-description\">Transparencia en la prestaci\u00f3n de nuestros servicios.<\/p><\/div><\/div>\t\t<\/div>\n\t\t\t\t<\/div>\n\t\t\t\t<div class=\"elementor-element elementor-element-f77350a elementor-widget elementor-widget-spacer\" data-id=\"f77350a\" data-element_type=\"widget\" data-widget_type=\"spacer.default\">\n\t\t\t\t<div class=\"elementor-widget-container\">\n\t\t\t\t\t<div class=\"elementor-spacer\">\n\t\t\t<div class=\"elementor-spacer-inner\"><\/div>\n\t\t<\/div>\n\t\t\t\t<\/div>\n\t\t\t\t<\/div>\n\t\t\t\t<div class=\"elementor-element elementor-element-5924535 elementor-position-top elementor-vertical-align-top elementor-widget elementor-widget-image-box\" data-id=\"5924535\" data-element_type=\"widget\" data-widget_type=\"image-box.default\">\n\t\t\t\t<div class=\"elementor-widget-container\">\n\t\t\t<div class=\"elementor-image-box-wrapper\"><figure class=\"elementor-image-box-img\"><a href=\"#\"><img loading=\"lazy\" decoding=\"async\" width=\"84\" height=\"84\" src=\"https:\/\/old.lahuertachile.cl\/wp-content\/uploads\/2019\/01\/icon_04.png\" class=\"attachment-full size-full\" alt=\"\" title=\"icon_04\" \/><\/a><\/figure><div class=\"elementor-image-box-content\"><h4 class=\"elementor-image-box-title\"><a href=\"#\">Responsabilidad<\/a><\/h4><p class=\"elementor-image-box-description\">Responsabilidad con nuestros clientes en la entrega de nuestros productos y en todos nuestros servicios.\n\n<\/p><\/div><\/div>\t\t<\/div>\n\t\t\t\t<\/div>\n\t\t\t\t\t<\/div>\n\t\t<\/div>\n\t\t\t\t\t\t\t<\/div>\n\t\t<\/section>\n\t\t\t\t<div class=\"elementor-element elementor-element-4802caa elementor-widget elementor-widget-spacer\" data-id=\"4802caa\" data-element_type=\"widget\" data-widget_type=\"spacer.default\">\n\t\t\t\t<div class=\"elementor-widget-container\">\n\t\t\t\t\t<div class=\"elementor-spacer\">\n\t\t\t<div class=\"elementor-spacer-inner\"><\/div>\n\t\t<\/div>\n\t\t\t\t<\/div>\n\t\t\t\t<\/div>\n\t\t\t\t<div class=\"gt3-core-button--alignment_center elementor-element elementor-element-8f5fe49 elementor-widget elementor-widget-gt3-core-button\" data-id=\"8f5fe49\" data-element_type=\"widget\" data-widget_type=\"gt3-core-button.default\">\n\t\t\t\t<div class=\"elementor-widget-container\">\n\t\t\t\t<div class=\"gt3_module_button_elementor size_custom alignment_center button_icon_none hover_none rounded\">\r\n\t\t<a class=\"button_size_elementor_custom alignment_center border_icon_none hover_none btn_icon_position_left\" href=\"https:\/\/lahuertachile.cl\/index.php\/contacto\" target=\"_blank\">\r\n\t\t\t\t<span class=\"gt3_module_button__container\">\r\n\t\t\t\t\t\t\t\t\t\t\t<span class=\"gt3_module_button__cover front\"><span class=\"elementor_gt3_btn_text\">Cont\u00e1ctanos<\/span><\/span>\r\n\t\t\t\t\t\t\t\t\t\t\t\t\t\t\t<\/span>\r\n\t\t<\/a>\r\n\t<\/div>\r\n\r\n<script type=\"application\/json\" id=\"settings--8f5fe49\">[]<\/script>\t\t<\/div>\n\t\t\t\t<\/div>\n\t\t\t\t<div class=\"elementor-element elementor-element-07c1201 elementor-widget elementor-widget-spacer\" data-id=\"07c1201\" data-element_type=\"widget\" data-widget_type=\"spacer.default\">\n\t\t\t\t<div class=\"elementor-widget-container\">\n\t\t\t\t\t<div class=\"elementor-spacer\">\n\t\t\t<div class=\"elementor-spacer-inner\"><\/div>\n\t\t<\/div>\n\t\t\t\t<\/div>\n\t\t\t\t<\/div>\n\t\t\t\t\t<\/div>\n\t\t<\/div>\n\t\t\t\t\t\t\t<\/div>\n\t\t<\/section>\n\t\t\t\t\t\t<\/div>\n\t\t\t\t\t<\/div>\n\t\t","protected":false},"excerpt":{"rendered":"<p>\u00bfQu\u00e9 ofrecemos? Riego Tecnificado Agrotextiles \u00bfPor qu\u00e9 elegirnos? Nuestras principales virtudes Servicio de Excelencia Cercan\u00eda con nuestros clientes y colaboradores, siendo capaces de otorgar un servicio pr\u00f3ximo y sin barreras. Calidad de Servicio Respeto activo con nuestros clientes, colaboradores, proveedores, accionistas y la comunidad. Trabajo Dedicado Transparencia en la prestaci\u00f3n de nuestros servicios. Responsabilidad Responsabilidad [&hellip;]<\/p>\n","protected":false},"author":2,"featured_media":0,"parent":0,"menu_order":0,"comment_status":"closed","ping_status":"closed","template":"","meta":{"footnotes":""},"class_list":["post-686","page","type-page","status-publish","hentry"],"yoast_head":"<!-- This site is optimized with the Yoast SEO plugin v16.9 - https:\/\/yoast.com\/wordpress\/plugins\/seo\/ -->\n<title>Servicios - La Huerta Chile<\/title>\n<meta name=\"robots\" content=\"index, follow, max-snippet:-1, max-image-preview:large, max-video-preview:-1\" \/>\n<link rel=\"canonical\" href=\"https:\/\/old.lahuertachile.cl\/index.php\/servicios\/\" \/>\n<meta property=\"og:locale\" content=\"es_ES\" \/>\n<meta property=\"og:type\" content=\"article\" \/>\n<meta property=\"og:title\" content=\"Servicios - La Huerta Chile\" \/>\n<meta property=\"og:description\" content=\"\u00bfQu\u00e9 ofrecemos? Riego Tecnificado Agrotextiles \u00bfPor qu\u00e9 elegirnos? Nuestras principales virtudes Servicio de Excelencia Cercan\u00eda con nuestros clientes y colaboradores, siendo capaces de otorgar un servicio pr\u00f3ximo y sin barreras. Calidad de Servicio Respeto activo con nuestros clientes, colaboradores, proveedores, accionistas y la comunidad. Trabajo Dedicado Transparencia en la prestaci\u00f3n de nuestros servicios. Responsabilidad Responsabilidad [&hellip;]\" \/>\n<meta property=\"og:url\" content=\"https:\/\/old.lahuertachile.cl\/index.php\/servicios\/\" \/>\n<meta property=\"og:site_name\" content=\"La Huerta Chile\" \/>\n<meta property=\"article:modified_time\" content=\"2021-07-22T15:43:42+00:00\" \/>\n<meta property=\"og:image\" content=\"https:\/\/lahuertachile.cl\/wp-content\/uploads\/2019\/02\/agriculture-basil-bunch.jpg\" \/>\n<meta name=\"twitter:card\" content=\"summary_large_image\" \/>\n<meta name=\"twitter:label1\" content=\"Est. reading time\" \/>\n\t<meta name=\"twitter:data1\" content=\"2 minutos\" \/>\n<script type=\"application\/ld+json\" class=\"yoast-schema-graph\">{\"@context\":\"https:\/\/schema.org\",\"@graph\":[{\"@type\":\"WebSite\",\"@id\":\"https:\/\/old.lahuertachile.cl\/#website\",\"url\":\"https:\/\/old.lahuertachile.cl\/\",\"name\":\"La Huerta Chile\",\"description\":\"\",\"potentialAction\":[{\"@type\":\"SearchAction\",\"target\":{\"@type\":\"EntryPoint\",\"urlTemplate\":\"https:\/\/old.lahuertachile.cl\/?s={search_term_string}\"},\"query-input\":\"required name=search_term_string\"}],\"inLanguage\":\"es-CL\"},{\"@type\":\"ImageObject\",\"@id\":\"https:\/\/old.lahuertachile.cl\/index.php\/servicios\/#primaryimage\",\"inLanguage\":\"es-CL\",\"url\":\"https:\/\/lahuertachile.cl\/wp-content\/uploads\/2019\/02\/agriculture-basil-bunch.jpg\",\"contentUrl\":\"https:\/\/lahuertachile.cl\/wp-content\/uploads\/2019\/02\/agriculture-basil-bunch.jpg\"},{\"@type\":\"WebPage\",\"@id\":\"https:\/\/old.lahuertachile.cl\/index.php\/servicios\/#webpage\",\"url\":\"https:\/\/old.lahuertachile.cl\/index.php\/servicios\/\",\"name\":\"Servicios - La Huerta Chile\",\"isPartOf\":{\"@id\":\"https:\/\/old.lahuertachile.cl\/#website\"},\"primaryImageOfPage\":{\"@id\":\"https:\/\/old.lahuertachile.cl\/index.php\/servicios\/#primaryimage\"},\"datePublished\":\"2019-02-14T13:58:22+00:00\",\"dateModified\":\"2021-07-22T15:43:42+00:00\",\"breadcrumb\":{\"@id\":\"https:\/\/old.lahuertachile.cl\/index.php\/servicios\/#breadcrumb\"},\"inLanguage\":\"es-CL\",\"potentialAction\":[{\"@type\":\"ReadAction\",\"target\":[\"https:\/\/old.lahuertachile.cl\/index.php\/servicios\/\"]}]},{\"@type\":\"BreadcrumbList\",\"@id\":\"https:\/\/old.lahuertachile.cl\/index.php\/servicios\/#breadcrumb\",\"itemListElement\":[{\"@type\":\"ListItem\",\"position\":1,\"name\":\"Portada\",\"item\":\"https:\/\/old.lahuertachile.cl\/\"},{\"@type\":\"ListItem\",\"position\":2,\"name\":\"Servicios\"}]}]}<\/script>\n<!-- \/ Yoast SEO plugin. -->","yoast_head_json":{"title":"Servicios - La Huerta Chile","robots":{"index":"index","follow":"follow","max-snippet":"max-snippet:-1","max-image-preview":"max-image-preview:large","max-video-preview":"max-video-preview:-1"},"canonical":"https:\/\/old.lahuertachile.cl\/index.php\/servicios\/","og_locale":"es_ES","og_type":"article","og_title":"Servicios - La Huerta Chile","og_description":"\u00bfQu\u00e9 ofrecemos? Riego Tecnificado Agrotextiles \u00bfPor qu\u00e9 elegirnos? Nuestras principales virtudes Servicio de Excelencia Cercan\u00eda con nuestros clientes y colaboradores, siendo capaces de otorgar un servicio pr\u00f3ximo y sin barreras. Calidad de Servicio Respeto activo con nuestros clientes, colaboradores, proveedores, accionistas y la comunidad. Trabajo Dedicado Transparencia en la prestaci\u00f3n de nuestros servicios. Responsabilidad Responsabilidad [&hellip;]","og_url":"https:\/\/old.lahuertachile.cl\/index.php\/servicios\/","og_site_name":"La Huerta Chile","article_modified_time":"2021-07-22T15:43:42+00:00","og_image":[{"url":"https:\/\/lahuertachile.cl\/wp-content\/uploads\/2019\/02\/agriculture-basil-bunch.jpg"}],"twitter_card":"summary_large_image","twitter_misc":{"Est. reading time":"2 minutos"},"schema":{"@context":"https:\/\/schema.org","@graph":[{"@type":"WebSite","@id":"https:\/\/old.lahuertachile.cl\/#website","url":"https:\/\/old.lahuertachile.cl\/","name":"La Huerta Chile","description":"","potentialAction":[{"@type":"SearchAction","target":{"@type":"EntryPoint","urlTemplate":"https:\/\/old.lahuertachile.cl\/?s={search_term_string}"},"query-input":"required name=search_term_string"}],"inLanguage":"es-CL"},{"@type":"ImageObject","@id":"https:\/\/old.lahuertachile.cl\/index.php\/servicios\/#primaryimage","inLanguage":"es-CL","url":"https:\/\/lahuertachile.cl\/wp-content\/uploads\/2019\/02\/agriculture-basil-bunch.jpg","contentUrl":"https:\/\/lahuertachile.cl\/wp-content\/uploads\/2019\/02\/agriculture-basil-bunch.jpg"},{"@type":"WebPage","@id":"https:\/\/old.lahuertachile.cl\/index.php\/servicios\/#webpage","url":"https:\/\/old.lahuertachile.cl\/index.php\/servicios\/","name":"Servicios - La Huerta Chile","isPartOf":{"@id":"https:\/\/old.lahuertachile.cl\/#website"},"primaryImageOfPage":{"@id":"https:\/\/old.lahuertachile.cl\/index.php\/servicios\/#primaryimage"},"datePublished":"2019-02-14T13:58:22+00:00","dateModified":"2021-07-22T15:43:42+00:00","breadcrumb":{"@id":"https:\/\/old.lahuertachile.cl\/index.php\/servicios\/#breadcrumb"},"inLanguage":"es-CL","potentialAction":[{"@type":"ReadAction","target":["https:\/\/old.lahuertachile.cl\/index.php\/servicios\/"]}]},{"@type":"BreadcrumbList","@id":"https:\/\/old.lahuertachile.cl\/index.php\/servicios\/#breadcrumb","itemListElement":[{"@type":"ListItem","position":1,"name":"Portada","item":"https:\/\/old.lahuertachile.cl\/"},{"@type":"ListItem","position":2,"name":"Servicios"}]}]}},"_links":{"self":[{"href":"https:\/\/old.lahuertachile.cl\/index.php\/wp-json\/wp\/v2\/pages\/686","targetHints":{"allow":["GET"]}}],"collection":[{"href":"https:\/\/old.lahuertachile.cl\/index.php\/wp-json\/wp\/v2\/pages"}],"about":[{"href":"https:\/\/old.lahuertachile.cl\/index.php\/wp-json\/wp\/v2\/types\/page"}],"author":[{"embeddable":true,"href":"https:\/\/old.lahuertachile.cl\/index.php\/wp-json\/wp\/v2\/users\/2"}],"replies":[{"embeddable":true,"href":"https:\/\/old.lahuertachile.cl\/index.php\/wp-json\/wp\/v2\/comments?post=686"}],"version-history":[{"count":26,"href":"https:\/\/old.lahuertachile.cl\/index.php\/wp-json\/wp\/v2\/pages\/686\/revisions"}],"predecessor-version":[{"id":1934,"href":"https:\/\/old.lahuertachile.cl\/index.php\/wp-json\/wp\/v2\/pages\/686\/revisions\/1934"}],"wp:attachment":[{"href":"https:\/\/old.lahuertachile.cl\/index.php\/wp-json\/wp\/v2\/media?parent=686"}],"curies":[{"name":"wp","href":"https:\/\/api.w.org\/{rel}","templated":true}]}}